rime factors of 1533?
3, 7, 73
List the prime factors of 6768.
2, 3, 47
What are the prime factors of 1180?
2, 5, 59
What are the prime factors of 26288?
2, 31, 53
What are the prime factors of 1777?
1777
What are the prime factors of 7811?
73, 107
What are the prime factors of 41233?
41233
List the prime factors of 1230.
2, 3, 5, 41
List the prime factors of 2397.
3, 17, 47
List the prime factors of 22168.
2, 17, 163
What are the prime factors of 13300?
2, 5, 7, 19
List the prime factors of 111697.
111697
List the prime factors of 2557.
2557
List the prime factors of 25960.
2, 5, 11, 59
What are the prime factors of 98449?
13, 7573
What are the prime factors of 2979?
3, 331
What are the prime factors of 3509?
11, 29
What are the prime factors of 9179?
67, 137
List the prime factors of 6665.
5, 31, 43
What are the prime factors of 9928?
2, 17, 73
List the prime factors of 12737.
47, 271
What are the prime factors of 683?
683
List the prime factors of 6341.
17, 373
List the prime factors of 3978.
2, 3, 13, 17
List the prime factors of 405.
3, 5
List the prime factors of 1281.
3, 7, 61
List the prime factors of 1776.
2, 3, 37
List the prime factors of 53977.
7, 11, 701
List the prime factors of 19336.
2, 2417
List the prime factors of 5661.
3, 17, 37
What are the prime factors of 5580?
2, 3, 5, 31
List the prime factors of 1523.
1523
What are the prime factors of 73821?
3, 11, 2237
List the prime factors of 5417.
5417
What are the prime factors of 1080?
2, 3, 5
List the prime factors of 1411.
17, 83
List the prime factors of 6800.
2, 5, 17
What are the prime factors of 6064?
2, 379
List the prime factors of 2762.
2, 1381
List the prime factors of 99748.
2, 11, 2267
What are the prime factors of 4573?
17, 269
What are the prime factors of 3474?
2, 3, 193
List the prime factors of 1274.
2, 7, 13
What are the prime factors of 1213?
1213
List the prime factors of 31228.
2, 37, 211
List the prime factors of 267.
3, 89
List the prime factors of 954.
2, 3, 53
List the prime factors of 6699.
3, 7, 11, 29
List the prime factors of 93.
3, 31
What are the prime factors of 875?
5, 7
List the prime factors of 796.
2, 199
What are the prime factors of 12478?
2, 17, 367
List the prime factors of 660.
2, 3, 5, 11
What are the prime factors of 79025?
5, 29, 109
List the prime factors of 93649.
71, 1319
List the prime factors of 1878.
2, 3, 313
What are the prime factors of 15788?
2, 3947
List the prime factors of 136.
2, 17
What are the prime factors of 9013?
9013
What are the prime factors of 551?
19, 29
List the prime factors of 125529.
3, 41843
What are the prime factors of 14014?
2, 7, 11, 13
What are the prime factors of 10247?
10247
List the prime factors of 6049.
23, 263
What are the prime factors of 29807?
41, 727
List the prime factors of 3172.
2, 13, 61
What are the prime factors of 27239?
27239
What are the prime factors of 1945?
5, 389
List the prime factors of 4860.
2, 3, 5
List the prime factors of 88.
2, 11
List the prime factors of 7511.
7, 29, 37
What are the prime factors of 371?
7, 53
List the prime factors of 2866.
2, 1433
What are the prime factors of 826?
2, 7, 59
List the prime factors of 23330.
2, 5, 2333
List the prime factors of 57499.
13, 4423
List the prime factors of 33061.
7, 4723
List the prime factors of 90084.
2, 3, 7507
List the prime factors of 948.
2, 3, 79
List the prime factors of 31511.
31511
What are the prime factors of 3651?
3, 1217
What are the prime factors of 7202?
2, 13, 277
What are the prime factors of 104863?
11, 9533
List the prime factors of 18553.
18553
What are the prime factors of 16312?
2, 2039
List the prime factors of 1406.
2, 19, 37
List the prime factors of 6714.
2, 3, 373
What are the prime factors of 106411?
106411
List the prime factors of 9824.
2, 307
What are the prime factors of 4938?
2, 3, 823
What are the prime factors of 149373?
3, 7, 2371
List the prime factors of 816.
2, 3, 17
What are the prime factors of 3180?
2, 3, 5, 53
List the prime factors of 24234.
2, 3, 7, 577
List the prime factors of 4197.
3, 1399
List the prime factors of 13009.
13009
What are the prime factors of 42386?
2, 21193
What are the prime factors of 148?
2, 37
List the prime factors of 892.
2, 223
What are the prime factors of 87686?
2, 17, 2579
List the prime factors of 66779.
43, 1553
List the prime factors of 45345.
3, 5, 3023
List the prime factors of 14233.
43, 331
List the prime factors of 1320.
2, 3, 5, 11
List the prime factors of 119522.
2, 13, 4597
What are the prime factors of 579?
3, 193
List the prime factors of 4062.
2, 3, 677
List the prime factors of 1859.
11, 13
List the prime factors of 1863.
3, 23
What are the prime factors of 55793?
55793
What are the prime factors of 408?
2, 3, 17
What are the prime factors of 416?
2, 13
List the prime factors of 1852.
2, 463
What are the prime factors of 5359?
23, 233
What are the prime factors of 19360?
2, 5, 11
What are the prime factors of 80793?
3, 47, 191
List the prime factors of 1325.
5, 53
What are the prime factors of 2124?
2, 3, 59
List the prime factors of 1879.
1879
List the prime factors of 19306.
2, 7, 197
What are the prime factors of 154?
2, 7, 11
What are the prime factors of 36423?
3, 19, 71
List the prime factors of 20725.
5, 829
What are the prime factors of 4690?
2, 5, 7, 67
List the prime factors of 938.
2, 7, 67
What are the prime factors of 1441?
11, 131
What are the prime factors of 32857?
11, 29, 103
What are the prime factors of 14521?
13, 1117
What are the prime factors of 1227?
3, 409
List the prime factors of 900.
2, 3, 5
List the prime factors of 1980.
2, 3, 5, 11
What are the prime factors of 730?
2, 5, 73
List the prime factors of 1848.
2, 3, 7, 11
What are the prime factors of 20634?
2, 3, 19, 181
List the prime factors of 24568.
2, 37, 83
List the prime factors of 16983.
3, 17, 37
List the prime factors of 2939.
2939
List the prime factors of 9608.
2, 1201
List the prime factors of 9015.
3, 5, 601
What are the prime factors of 6411?
3, 2137
What are the prime factors of 836?
2, 11, 19
What are the prime factors of 37116?
2, 3, 1031
What are the prime factors of 696?
2, 3, 29
What are the prime factors of 4128?
2, 3, 43
What are the prime factors of 156600?
2, 3, 5, 29
What are the prime factors of 283?
283
List the prime factors of 915.
3, 5, 61
What are the prime factors of 27500?
2, 5, 11
What are the prime factors of 1289?
1289
List the prime factors of 7279.
29, 251
What are the prime factors of 60724?
2, 17, 19, 47
What are the prime factors of 17313?
3, 29, 199
List the prime factors of 34684.
2, 13, 23, 29
List the prime factors of 14418.
2, 3, 89
What are the prime factors of 25510?
2, 5, 2551
List the prime factors of 7967.
31, 257
List the prime factors of 313.
313
What are the prime factors of 5687?
11, 47
List the prime factors of 43593.
3, 11, 1321
What are the prime factors of 4126?
2, 2063
What are the prime factors of 24562?
2, 12281
List the prime factors of 101875.
5, 163
What are the prime factors of 8023?
71, 113
List the prime factors of 3108.
2, 3, 7, 37
List the prime factors of 579.
3, 193
What are the prime factors of 2551?
2551
What are the prime factors of 34491?
3, 11497
List the prime factors of 4133.
4133
List the prime factors of 106.
2, 53
What are the prime factors of 799?
17, 47
List the prime factors of 998.
2, 499
What are the prime factors of 2109?
3, 19, 37
What are the prime factors of 10781?
10781
List the prime factors of 11372.
2, 2843
What are the prime factors of 28208?
2, 41, 43
What are the prime factors of 49304?
2, 6163
List the prime factors of 44644.
2, 11161
List the prime factors of 4042.
2, 43, 47
What are the prime factors of 8857?
17, 521
What are the prime factors of 189?
3, 7
List the prime factors of 3933.
3, 19, 23
What are the prime factors of 4433?
11, 13, 31
List the prime factors of 31200.
2, 3, 5, 13
List the prime factors of 11751.
3, 3917
What are the prime factors of 964?
2, 241
What are the prime factors of 5965?
5, 1193
List the prime factors of 49779.
3, 5531
What are the prime factors of 36010?
2, 5, 13, 277
What are the prime factors of 43699?
89, 491
List the prime factors of 52338.
2, 3, 11, 13, 61
What are the prime factors of 45252?
2, 3, 419
List the p